**3 - 31*s**2 - 35*s - 39. Give z(-9).
-48
Let l(k) = k**2 + 27*k - 64. Give l(-29).
-6
Let k(z) = -4*z**3 + 93*z**2 - 681*z + 15139. What is k(23)?
5
Let c(l) = 2*l**3 - 5*l**2 - 563*l + 87. Determine c(18).
-3
Let v(s) = -28*s - 979. Calculate v(-35).
1
Let c(z) = -2*z**2 - 5006*z - 5006. What is c(-1)?
-2
Let x(k) = 6*k**2 + 66*k + 1. Calculate x(-11).
1
Let j(m) = -m + 7. Calculate j(-2).
9
Let t(w) = w**3 - 48*w**2 + 73*w + 743. Determine t(46).
-131
Let z(x) = -634*x - 27259. Give z(-43).
3
Let y(t) = -73*t**2 - 48*t + 48. Determine y(1).
-73
Let p(y) = 594*y - 4756. Calculate p(8).
-4
Let d(m) = -244*m - 863. Calculate d(-4).
113
Let a(t) = -90*t**2 + t - 58. Calculate a(0).
-58
Let c(q) = 2*q**2 + 112*q + 805. What is c(-48)?
37
Let w(q) = -16*q**2 + 210*q + 903. What is w(-4)?
-193
Let v(k) = -2*k**3 - 69*k**2 + 32*k - 102. Determine v(-35).
3
Let a(s) = -34*s**2 + 719*s - 103. Give a(21).
2
Let z(a) = -106*a**2 + 3701*a + 312. Determine z(35).
-3
Let s(m) = -m**2 + 19*m - 43. What is s(2)?
-9
Let p(r) = -14*r**3 + 34*r**2 + 76*r - 1. Determine p(-2).
95
Let u(k) = -912*k + 14582. Calculate u(16).
-10
Let b(v) = -v**3 - 125*v**2 - 3526*v - 9. What is b(-43)?
-9
Let v(w) = w**2 - 7*w - 106. What is v(-18)?
344
Let l(c) = 2*c**3 - 39*c**2 - 27*c + 144. What is l(20)?
4
Let f(g) = -21*g**2 - 384*g + 1. What is f(-19)?
-284
Let c(r) = r**3 - 7*r**2 - 15*r - 5. Give c(9).
22
Let k(f) = 46*f - 115. Give k(5).
115
Let o(m) = -2*m**3 + 10*m**2 + 98*m + 11. What is o(10)?
-9
Let p(s) = -21*s + 105. Give p(14).
-189
Let s(y) = 375*y**2 - 8*y - 10. Calculate s(-1).
373
Let a(m) = -m**3 - 9*m**2 - 19*m - 4. What is a(-8)?
84
Let m(s) = 462*s + 2294. What is m(-5)?
-16
Let y(u) = u**3 - 14*u**2 + 18*u - 4. Give y(7).
-221
Let d(l) = 2*l**2 + 3*l - 60. Give d(7).
59
Let t(q) = 2*q**2 + 31*q + 110. Give t(-6).
-4
Let b(c) = 3*c**3 - c**2 + 2*c - 7. What is b(2)?
17
Let l(m) = 17*m + 725. Give l(-40).
45
Let i(g) = g**3 - 7*g**2 - 3*g + 53. Calculate i(7).
32
Let w(m) = -5633*m + 16901. Give w(3).
2
Let p(b) = 4*b**2 + 82*b - 315. What is p(4)?
77
Let m(b) = 6*b + 23. Determine m(5).
53
Let c(d) = -d**3 - d**2 + 86*d - 36. Calculate c(9).
-72
Let y(u) = -23*u - 107. Give y(-5).
8
Let u(j) = j**3 + 44*j**2 + 120*j - 134. What is u(-41)?
-11
Let v(z) = z**3 - 16*z**2 + 122*z - 1240. What is v(14)?
76
Let v(l) = 1687*l**2 - 15183*l. Calculate v(9).
0
Let k(b) = 3*b**2 - 54*b + 203. What is k(13)?
8
Let q(i) = -3*i**2 - 103*i - 520. Calculate q(-5).
-80
Let f(j) = 7*j - 457. Calculate f(64).
-9
Let k(g) = -47*g**2 - 98*g - 9. Give k(-2).
-1
Let n(t) = -t**3 - 33*t**2 - 61*t + 23. Determine n(-31).
-8
Let o(j) = 416*j**3 + 2*j**2 - j - 1. Determine o(-1).
-414
Let r(x) = x**3 - 29*x**2 - 376*x - 521. Give r(39).
25
Let k(o) = -o**2 + 113*o + 7081. Calculate k(-45).
-29
Let v(k) = -2*k**2 - 9*k + 263. What is v(13)?
-192
Let k(x) = x**3 - 101*x**2 - 213*x + 767. What is k(103)?
46
Let p(u) = 3*u**3 - u**2 + 57*u - 175. Determine p(5).
460
Let g(x) = 2025*x + 32417. Give g(-16).
17
Let o(u) = -u**3 + 34*u**2 - 99*u + 180. Give o(31).
-6
Let p(z) = 6*z**3 - 39*z**2 - 71*z + 24. Give p(8).
32
Let i(r) = -7*r**3 - 3*r**2 - 8*r - 2. Determine i(-3).
184
Let t(o) = 1530*o + 32055. What is t(-21)?
-75
Let q(s) = 5*s**3 - 7*s**2 + 12*s - 9. Determine q(1).
1
Let v(b) = 7*b**2 + 91*b + 2. Give v(-15).
212
Let k(f) = -3*f - 72. Give k(9).
-99
Let q(r) = 11*r**3 - 3*r**2 - r + 17. Give q(-3).
-304
Let b(d) = 2*d**3 + 84*d**2 - 87*d - 27. Give b(-43).
16
Let r(h) = h**3 + 5*h**2 - 756*h + 144. Determine r(25).
-6
Let w(d) = 10*d - 325. Determine w(32).
-5
Let i(o) = -4435*o + 146353. Calculate i(33).
-2
Let g(h) = 56*h - 2880. Give g(52).
32
Let z(c) = 2223*c - 31126. Determine z(14).
-4
Let t(m) = -m**2 - 45*m + 560. What is t(-40)?
760
Let u(f) = -f**3 + 67*f - 55. Determine u(-8).
-79
Let w(l) = -l**3 + 21*l**2 + 60*l - 312. Determine w(23).
10
Let j(l) = l**3 + 8*l**2 + 10*l - 16. Give j(-4).
8
Let d(g) = -5*g**2 - 10*g + 14. What is d(-8)?
-226
Let i(m) = 18*m + 3. Determine i(5).
93
Let c(d) = -d**2 - 9*d - 4. What is c(-5)?
16
Let u(n) = 5*n**3 + 386*n**2 + 74*n - 95. What is u(-77)?
136
Let v(c) = c**2 - 15*c + 25. What is v(0)?
25
Let i(o) = 110*o + 2898. Calculate i(-26).
38
Let i(z) = 12*z + 122. Calculate i(-10).
2
Let h(r) = -78*r + 1974. Give h(25).
24
Let m(h) = h**3 + 342*h**2 + 4595*h + 971. Calculate m(-328).
-13
Let s(f) = 134*f - 129. Calculate s(1).
5
Let t(u) = -22*u + 193. What is t(-13)?
479
Let k(h) = 94*h - 93. Determine k(3).
189
Let t(v) = -v**2 - 15*v + 388. Calculate t(15).
-62
Let y(h) = 5*h**2 - 3*h + 4. Give y(-2).
30
Let v(s) = -13*s - 25. Give v(-4).
27
Let b(s) = -5*s**2 + 172*s + 564. What is b(-3)?
3
Let m(p) = 664*p - 7298. Give m(11).
6
Let h(p) = 62*p**2 + 9297*p - 438. Determine h(-150).
12
Let k(z) = -6*z**2 + 1122*z + 5768. Give k(192).
8
Let p(a) = a**2 + 121*a + 3414. Determine p(-73).
-90
Let m(c) = -3*c**3 + 30*c**2 - 36*c - 47. Give m(8).
49
Let p(n) = 21*n + 375. What is p(-7)?
228
Let j(d) = -119*d - 4770. Calculate j(-40).
-10
Let v(f) = 393*f - 44002. What is v(112)?
14
Let l(u) = 4*u**3 - 7*u**2 + 29*u - 21. What is l(1)?
5
Let f(j) = 16*j**2 + 80*j + 42. Determine f(-5).
42
Let o(l) = l**3 - 52*l**2 - 162*l - 155. Calculate o(55).
10
Let u(j) = j**3 - 18*j**2 - 19*j + 15. What is u(19)?
15
Let n(t) = -t**2 + 79*t + 655. Determine n(86).
53
Let d(h) = h**3 - 44*h**2 + 184*h - 10307. Calculate d(45).
-2
Let w(n) = 48*n - 145. Give w(3).
-1
Let l(k) = -2*k**3 + 2*k**2 - 43*k - 169. Determine l(-3).
32
Let f(s) = -s**3 - 4*s**2 + 8*s + 39. Calculate f(-7).
130
Let q(l) = l**3 + 131*l**2 + 381*l - 399. Determine q(-128).
-15
Let p(m) = -49*m + 5889. Give p(120).
9
Let h(d) = 7*d - 237. What is h(42)?
57
Let l(w) = 1880*w + 11272. Calculate l(-6).
-8
Let l(x) = 4*x - 236. Give l(26).
-132
Let t(w) = -w**3 + 41*w**2 - 387*w + 130. What is t(14)?
4
Let o(p) = -8*p**3 - 66*p**2 - 15*p + 25. Determine o(-8).
17
Let g(m) = m**3 - 34*m**2 + 95*m - 10. Calculate g(31).
52
Let v(q) = -q**3 - 81*q**2 + 249*q - 248. Determine v(-84).
4
Let n(k) = -133*k - 12232. What is n(-92)?
4
Let t(h) = -3818*h - 11424. What is t(-3)?
30
Let n(c) = -c**3 + 37*c**2 + 46*c - 89. Give n(38).
215
Let s(w) = 15018*w + 90119. Determine s(-6).
11
Let w(v) = 5*v**3 - 210*v**2 - v + 40. Give w(42).
-2
Let i(g) = g**3 - 72*g**2 + 811*g + 51. Give i(58).
-7
Let p(l) = l**2 - 17*l + 95. What is p(8)?
23
Let u(d) = 27*d - 182. What is u(6)?
-20
Let r(m) = 152*m + 1094. Calculate r(-7).
30
Let u(l) = 37*l - 78. What is u(4)?
70
Let o(l) = 2534*l + 20272. What is o(-8)?
0
Let h(v) = v**3 + 2*v**2 - 26*v - 3. Calculate h(-6).
9
Let z(i) = -48*i + 4496. Give z(94).
-16
Let f(o) = 3*o**2 - 3*o + 4. Determine f(-5).
94
Let l(j) = 9*j**3 + 44*j**2 - 7*j - 21. What is l(-5)?
-11
Let n(o) = o**3 - 135*o + 271. Give n(2).
9
Let j(g) = -g**3 + 13*g**2 - 116*g + 431. Give j(6).
-13
Let k(t) = t**3 + 52*t**2 - 106*t + 131. Determine k(-54).
23
Let g(m) = 426*m - 12354. Calculate g(29).
0
Let o(f) = 7*f**2 - 339*f - 89. Calculate o(49).
107
Let t(u) = -u**2 + 62*u + 1018. What is t(75)?
43
Let s(c) = -9*c**3 + 337*c**2 - 471*c + 110. Give s(36).
2
Let g(x) = -230*x - 465. Determine g(-2).
-5
Let d(u) = 80*u + 1187. What is d(-14)?
67
Let p(c) = c**3 - 28*c**2 + 9*c - 96. Calculate p(28).
156
Let s(z) = -z**2 + 956*z + 52406. Determine s(-52).
-10
Let b(n) = 7*n**2 - 10*n - 9. What is b(4)?
63
Let c(n) = 2*n**3 - 14*n**2 + 33*n + 6. Calculate c(7).
237
Let b(j) = -j**2 + 40*j - 270. Determine b(33).
-39
Let t(b) = -8*b**3 + 6*b**2 - 23*b + 26. Determine t(5).
-939
Let w(y) = 37*y**2 + 43*y + 8. Determine w(0).
8
Let z(f) = 212*f**3 + 8*f - 9. Determine z(1).
211
Let l(k) = -k**3 - 4*k**2 + 8*k + 23. What is l(-5)?
8
Let i(l) = 1817*l + 96298. What is i(-53)?
-3
Let c(j) = -j**3 + 12*j**2 - j - 5. Calculate c(14).
-411
Let r(o) = -o**3 - 14*o**2 - 36*o - 44. Determine r(-13).
255
Let t(x) = x**2 + 48*x + 85. Give t(-45).
-50
Let g(b) = b**3 - 6*b**2 - 13*b - 28. What is g(8)?
-4
Let c(x) = -23*x - 223. What is c(-8)?
-39
Let d(t) = t**3 - 14*t**2 + 133*t - 797. Calculate d(9).
-5
Let v(s) = s**3 + 58*s**2 - 18*s - 982. Calculate v(-58).
62
Let w(t) = -18*t + 1755. W